003
In base 16, what is -1f - 8?
-27
In base 15, what is 8c - -11?
9d
In base 16, what is 1c6 - -2?
1c8
In base 13, what is 3 + -14?
-11
In base 12, what is -329 - -7?
-322
In base 3, what is -10 + 10022001?
10021221
In base 7, what is -12 + -103?
-115
In base 7, what is -2 + 5455?
5453
In base 6, what is 40 + 14?
54
In base 3, what is -211 - -121?
-20
In base 2, what is 1000 - -1110?
10110
In base 14, what is -17d8 - 3?
-17db
In base 10, what is 211 + 4?
215
In base 13, what is -9 + b?
2
In base 15, what is 51 + -7?
49
In base 11, what is -1 + 8a?
89
In base 11, what is 1760 + 1?
1761
In base 6, what is -4 - -5035?
5031
In base 13, what is 21 + b?
2c
In base 9, what is 4 - -222?
226
In base 15, what is -8 - 5?
-d
In base 14, what is -2080 - -2?
-207c
In base 12, what is -419 + -3?
-420
In base 8, what is 307 + -1?
306
In base 5, what is -110 + -20?
-130
In base 11, what is 7 - 15?
-9
In base 8, what is -440 + -14?
-454
In base 10, what is 17 - -302?
319
In base 10, what is 9 - -48?
57
In base 16, what is 5 - -85f?
864
In base 12, what is 2 + 389?
38b
In base 2, what is 101011110011 + -1?
101011110010
In base 4, what is -33202 - 10?
-33212
In base 9, what is 2 + -5828?
-5826
In base 9, what is 7 + -21?
-13
In base 5, what is 24 - 20?
4
In base 6, what is 2 + -340?
-334
In base 4, what is 12121 - 11?
12110
In base 16, what is -9 - 2?
-b
In base 4, what is 3 + -21230?
-21221
In base 3, what is -20 + 1202?
1112
In base 8, what is 267 - -15?
304
In base 3, what is 1001 + 10001?
11002
In base 2, what is -1000 - 1?
-1001
In base 10, what is -17 - 75?
-92
In base 2, what is -10000000 - 10001?
-10010001
In base 11, what is 5 - 1695?
-1690
In base 9, what is 0 - -180?
180
In base 10, what is 155 - 0?
155
In base 13, what is -3a - c?
-49
In base 5, what is 414 + 0?
414
In base 16, what is -c - af0?
-afc
In base 16, what is 2 + -3?
-1
In base 7, what is 0 + 2143?
2143
In base 2, what is 11111110 + 1?
11111111
In base 8, what is 357 - -1?
360
In base 2, what is -11011 - 100101?
-1000000
In base 15, what is 5 + b?
11
In base 9, what is -21 + -12?
-33
In base 7, what is 1043 - -3?
1046
In base 14, what is 3 + -77?
-74
In base 11, what is 250a - 8?
2502
In base 16, what is -202 - 1a?
-21c
In base 12, what is -5 - 45?
-4a
In base 9, what is 1083 - -23?
1116
In base 3, what is 0 + -1000110?
-1000110
In base 5, what is 101 - 23?
23
In base 12, what is -605 - 5?
-60a
In base 2, what is 10010110111 + -1?
10010110110
In base 16, what is -251 - -4?
-24d
In base 15, what is -43b + -2?
-43d
In base 5, what is 4 + 30?
34
In base 14, what is -b - 2?
-d
In base 2, what is -11 - -111010?
110111
In base 8, what is -1 + -646?
-647
In base 13, what is 4 + 200?
204
In base 12, what is -273 + b?
-264
In base 16, what is -361 + 4?
-35d
In base 5, what is -30300 - -3?
-30242
In base 9, what is -41 + -138?
-180
In base 12, what is 33 + 24?
57
In base 10, what is -2344 + 3?
-2341
In base 6, what is -1453 - -5?
-1444
In base 13, what is -a - 81?
-8b
In base 8, what is 51 + -37?
12
In base 9, what is -6 + 70?
63
In base 13, what is 372 - -5?
377
In base 11, what is 2 + 87?
89
In base 8, what is -2 + -36?
-40
In base 13, what is -2 + -166?
-168
In base 15, what is -4 - -10c?
108
In base 4, what is 1 + -21?
-20
In base 12, what is -229a - 2?
-22a0
In base 2, what is -100010000 - 10?
-100010010
In base 13, what is 3 - 16?
-13
In base 15, what is 27 - -56?
7d
In base 2, what is 11 + -1001110000001?
-1001101111110
In base 9, what is 0 + 276?
276
In base 5, what is 1 - -114321?
114322
In base 16, what is -3 - 15?
-18
In base 14, what is a - 131?
-125
In base 11, what is -5 - -344?
33a
In base 14, what is -2 - -218?
216
In base 9, what is 352 + -8?
343
In base 9, what is -3 - -2787?
2784
In base 3, what is -12002000 + 2?
-12001221
In base 10, what is -2 - 200?
-202
In base 13, what is 1 - 153?
-152
In base 12, what is -62 - -7?
-57
In base 12, what is 10 + 7?
17
In base 13, what is 8 - 8?
0
In base 13, what is -2 - -b88?
b86
In base 3, what is -210 - -12222?
12012
In base 11, what is -15 - -39?
24
In base 10, what is 5 + -21?
-16
In base 13, what is -ca + 39?
-91
In base 15, what is 8 - 1d?
-15
In base 8, what is -103470 + 5?
-103463
In base 6, what is 4 - -11202?
11210
In base 5, what is -1 - 11?
-12
In base 7, what is 12 + -1025?
-1013
In base 11, what is 431 + 2?
433
In base 3, what is 0 + -22222?
-22222
In base 15, what is 1c6 - 4?
1c2
In base 3, what is -220020021 - 0?
-220020021
In base 4, what is 10 + 313?
323
In base 5, what is -12 - -22?
10
In base 10, what is -17 - -5?
-12
In base 9, what is 373 + -3?
370
In base 4, what is 1002 - 1?
1001
In base 2, what is 1010011 + 111?
1011010
In base 12, what is 4 + 40?
44
In base 2, what is -10010 - -1110?
-100
In base 11, what is -5228 + 0?
-5228
In base 3, what is -121212200 + -12?
-121212212
In base 11, what is a + -105?
-a6
In base 6, what is 324 - -12?
340
In base 5, what is 13 - 21304?
-21241
In base 15, what is -19a + 4?
-196
In base 15, what is -c9c - -5?
-c97
In base 4, what is 1 - 101?
-100
In base 14, what is 4 - 2103?
-20dd
In base 14, what is a + -313?
-307
In base 8, what is 0 - -711?
711
In base 7, what is -1 + -5025?
-5026
In base 3, what is -22112 - 10?
-22122
In base 12, what is 973 - 18?
957
In base 8, what is -6 - 225?
-233
In base 12, what is -52b - 2?
-531
In base 9, what is -272 + 3?
-268
In base 5, what is 302 - -3?
310
In base 15, what is 2 + -811?
-80e
In base 3, what is 121 + 1101212?
1102110
In base 10, what is -48 - -28?
-20
In base 10, what is 3 + 1?
4
In base 15, what is -c - b?
-18
In base 14, what is 7 - -2?
9
In base 5, what is -140 - -20?
-120
In base 10, what is -31659 + 4?
-31655
In base 10, what is -4 + -119?
-123
In base 10, what is -5 - -158?
153
In base 3, what is 12121220 + 10?
12122000
In base 10, what is 3 - -131?
134
In base 5, what is 342 - 10?
332
In base 14, what is -3b - 2?
-3d
In base 6, what is 0 - -3?
3
In base 13, what is 14 - -17?
2b
In base 8, what is 2 + 625?
627
In base 6, what is -3 + 4132?
4125
In base 5, what is -22 + -210?
-232
In base 3, what is 100200 - 11?
100112
In base 12, what is 2 + 307?
309
In base 12, what is 2025 + -3?
2022
In base 11, what is 89 - 5a?
2a
In base 14, what is -44 + 7?
-3b
In base 8, what is -3767 - -5?
-3762
In base 6, what is -3 - 14050?
-14053
In base 5, what is 104 + 102?
211
In base 6, what is -22 - 30?
-52
In base 14, what is -23 - -17?
-a
In base 7, what is 0 - -2010?
2010
In base 10, what is 24 - -7?
31
In base 11, what is -319 + -2?
-320
In base 7, what is 65242 + 5?
65250
In base 12, what is -1b32 + -2?
-1b34
In base 13, what is 3 + b47?
b4a
In base 5, what is -114101 + 1?
-114100
In base 8, what is -23 - -273?
250
In base 4, what is -222 - 320?
-1202
In base 8, what is 110 - -7?
117
In base 14, what is -188 - 0?
-188
In base 5, what is -22 - 21?
-43
In base 3, what is 212 - -1010?
1222
In base 8, what is 6 + -7?
-1
In base 6, what is -1344 - -5?
-1335
In base 5, what is 10 - 131412?
-131402
In base 13, what is -2 - -2?
0
In base 13, what is 4 - -11a?
121
In base 12, what is 0 + 1b?
1b
In base 3, what is 11 + -22110?
-22022
In base 5, what is -44 - 1231?
-1330
In base 13, what is 4 + 1134?
1138
In base 13, what is -5 + -8?
-10
In base 15, what is -1 + 6a1?
6a0
In base 2, what is -110 + 10101100001?
10101011011
In base 3, what is 0 + 2100121?
2100121
In base 8, what is 2 - 46?
-44
In base 9, what is 3 + -23?
-20
In base 5, what is -1020433 + 0?
-1020433
In base 7, what is 1 + -242?
-241
In base 5, what is -124 - 101?
-230
In base 7, what is -3202 - 2?
-3204
In base 8, what is 43305 - 3?
43302
In base 2, what is -100 - 101011001?
-101011101
In base 2, what is 0 + -101?
-101
In base 4, what is -1232310 - 1?
-1232311
In base 6, what is 1411 + 2?
1413
In base 10, what is -214 - 31?
-245
In base 5, what is -312 + 112?
-200
In base 14, what is -1b + -486?
-4a3
In base 4, what is -122 - -11010?
10222
In base 4, what is -11003 - 3?
-11012
In base 16, what is -513 - -2?
-511
In base 6, what is 52 - 134?
-42
In base 9, what is -265 - 61?
-336
In base 2, what is 11010 - -1111001?
10010011
In base 8, what is -1 + 15?
14
In base 5, what is 33142 - 3?
33134
In base 9, what is -11 + -4?
-15
In base 2, what is 111001000 - 0?
111001000
In base 15, what is -5 